51 - -137)).
5
What is -34 - ((-153 - -138) + 2 + 15)?
-36
Evaluate -10 - -15 - (-43 + 33 + -2 + -34).
51
-25 - -56 - (-25 + 3)
53
What is the value of (210 - 136) + 10 + -32 - (-1 - -5)?
48
What is -6 - -2 - (-2 - -23 - -1 - (711 + -705))?
-20
Evaluate 1 + 2 + 9 - (105 - 212 - -82).
37
What is the value of 15 - (150 + -20 + 17) - (-17 + 0)?
-115
What is the value of 23 + (18 + 2 - (151 - 120)) + (-95 - 1)?
-84
-2 + (-2 - (-73 + 26))
43
Calculate -11 + (63 - -7) - (-12 + 27).
44
What is the value of 3 - ((-47 - -10) + -10 + 24)?
26
81 + (16 - (61 - -12))
24
Evaluate (-40 - 0) + 0 + (-107 - (11 - 124)).
-34
What is -910 - -942 - ((3 - 4) + -2 + -7)?
42
-3 - (24 + 10 + (-36 - -3))
-4
What is (-41 - (-19 - -35)) + 4 + -1 + -5?
-59
Calculate (19 - 39) + 22 + -46.
-44
-11 - (41 - 0 - 4) - (-4 - (8 + -2))
-38
Evaluate -14 - -24 - 15 - 2 - (-24 - (-2 + -1)).
14
1 + -12 - ((34 - 3) + (1 - (7 + -19)))
-55
75 - (65 - 16 - 5)
31
What is the value of 21 + (17 + -13 - (0 + 2)) + -5 + 13?
31
What is (34 - 13) + -12 + (3 - 5) + 68?
75
What is 30 + -39 + (11 - -17) - 1?
18
Calculate (3 - -23 - 19) + (-3 + 0 - 51).
-47
(-1 - -11 - (206 - 204) - -7) + 58
73
What is the value of 83 + (30 - 23) - (48 + -61)?
103
What is -40 + ((12 - (-2 - -11)) + -22 - -16)?
-43
What is (-4 + -7 - (27 - 39)) + 13?
14
-5 - (-3 + (-10 + 15 - 1)) - 40
-46
3 + 1 + 9 + (-55 - 2)
-44
Evaluate -292 + 454 - (149 + -30).
43
Calculate -8 + (31 - (4 + 4)) - (10 - 30).
35
Calculate -42 + 1 - (2744 + -2798).
13
Evaluate 27 - ((0 - 32) + (796 - 803)).
66
What is 9 + (-16 + 12 - 7) - (4 + -8)?
2
What is the value of 67 + (-4 - -7) + -107 + 103?
66
Evaluate -4 + -5 - (29 - 39) - (0 - 49).
50
-7 + 21 - 78 - (-27 + -1)
-36
-65 + 62 + -118 + 64
-57
What is (-24 - -39 - 59) + -16 - (2 + -6)?
-56
-31 - (25 - -12 - 75)
7
What is 20 - (-38 - (-3 - 93))?
-38
Evaluate (9 - -4) + (-47 - -12 - 15).
-37
What is 23 + -95 + 13 + 48?
-11
What is the value of -15 - -15 - 9 - (-3 - -30)?
-36
What is the value of (-37 - 0) + 74 + (-352 - -244)?
-71
2 + -30 + 20 + (-1 - 7) - -84
68
Calculate (-4 - -24 - 25) + (-6 - -11).
0
Evaluate 14 - (6 - 4) - (-3 + 117 - -1).
-103
Evaluate 0 - (-9 - (-71 + -34 + 8 + 7)).
-81
What is (-212 - -157) + 1 + 21?
-33
What is -45 + -7 + (73 - -23)?
44
Calculate ((11 - 1) + -21 - -1) + -7 + 26 + -6.
3
What is the value of (183 + -141 - -17) + (0 - (0 + -6)) - 4?
61
Calculate 55 - (30 - (85 - (4 + 20))).
86
Evaluate -2 + 60 - (-24 - -20 - -16).
46
-61 - (10 + (4 - (12 + -11)) - 24)
-50
What is the value of (3 - 47 - -41) + (2 - -28) - -7?
34
Calculate -69 + 67 - -9 - (1 + (-2 - -14)).
-6
(19 - -138) + -64 - -18
111
What is 0 - 121 - (9 - 75 - -19 - -48)?
-122
Calculate (22 - (-30 - -14)) + (-3 + 11 - (-7 + 15)).
38
What is -94 - ((1325 - 1324) + 0 + (-2 - 0))?
-93
What is the value of 127 - (38 - 31) - (-51 - -53)?
118
What is the value of -47 - (-55 + 12) - -56?
52
(-1 - 9) + 5 + 80 + -25
50
What is the value of -11 + (-19 - (20 + (22 - 64)))?
-8
-50 - (-25 - 11 - -58)
-72
What is the value of -81 + 82 + (5 - 3) - -15?
18
291 + -268 + -86 + 6
-57
-178 + 122 - (-26 - 29)
-1
What is 6 + (33 - 22) + 12 + -36 + 15?
8
Evaluate -9 + (28 - (-1 + 18)) + -24.
-22
-11 + -78 + 25 + 26
-38
-21 - (45 + -25 + -22)
-19
What is the value of -50 + (4 + 1 - (-69 - (17 - 75)))?
-34
What is -5 - ((-2 - -10) + 41 + -52) - (-35 + -8)?
41
(17 - (-3 - -22)) + (1 - 6 - -36)
29
Evaluate 442 + -445 - (-31 + 8).
20
116 - (160 - (33 - 81))
-92
Calculate 8 + 6 + (34 - 11) - (-13 + 1).
49
What is the value of (11 - 9 - 0) + (-40 - (-9 + 37))?
-66
(-131 + 113 - (-37 - -2)) + -21
-4
Evaluate 6 + (-12 + 7 - 2) + -37 + 44 + 11.
17
What is the value of 0 + -16 - (3513 + -3464)?
-65
What is the value of -46 + (51 - (60 - 81))?
26
Calculate 26 + (22 - (-9 + 105)).
-48
Calculate -30 + (14 - 19 - -63).
28
Calculate 78 - (75 - 9 - 57).
69
Calculate -137 - 1 - (4315 - 4376).
-77
Calculate (-55 - -2 - (-367 - -352)) + 5 + 0.
-33
What is the value of (57 - 1) + -309 + 109 + 219?
75
-18 - (-22 - (23 - (-4 - -66)))
-35
What is 80 - -1 - ((14 - 34 - -37) + -16)?
80
What is -10 + (19 - (7 - -7) - (-2 - 0) - 1)?
-4
What is the value of (-58 - -150) + (-64 - -21) + 15?
64
What is the value of -1 + 18 + -36 - 18 - 98?
-135
Evaluate (-52 + -31 - -32) + 51.
0
Calculate -23 - (24 + (-11 + -9 - (2 + 2))).
-23
What is 91 - (-108 + 179 - 116)?
136
What is the value of -12 - 43 - (270 + -256)?
-69
What is 63 - (-12 + -8) - (-51 + 76)?
58
6236 + -6317 + (121 - 2)
38
What is (-71 - (16 + -43)) + 51 - (4 - 4)?
7
-2 - -4 - (-11 + 12 + 3 + 3) - -6
1
Calculate (2 - 0) + 6 + (-216 - (-21 - 98)).
-89
Calculate -1 + 77 + (-56 - 24).
-4
What is -17715 + 17701 - (0 + -1 - 1)?
-12
24 + (17 - 152 - (14 - -2 - -8))
-135
-3 + 4 - 18 - (91 + -46 + -168)
106
What is the value of -34 + -18 + (61 - -6)?
15
Calculate -9 + 0 + -4 - (132 + -192).
47
(-12 + -44 - -5) + (-84 - -70)
-65
What is -10 + (13 + -3 - 9) + (116 - 36)?
71
What is the value of 68 - (-110 - -123) - 64?
-9
What is 0 - ((9 - 24) + (22 - 20))?
13
Evaluate -40 - (-1 - (-5 + 22 + -1)).
-23
What is the value of (18 - 25) + 17 + -23 + 1 - -75?
63
What is the value of -8 - (-99 + 43 + 57 + 0 + 30)?
-39
38 - (61 + 31 + -101)
47
What is the value of -35 - (-5 - 113) - 41?
42
Evaluate (-1 - (-6 + 90 + (-4 - 16))) + 3.
-62
What is the value of 8 + -15 + 99 + -213 + 203?
82
-85 + 98 + 0 + -57
-44
What is the value of 0 - -38 - (659 + -532)?
-89
What is -32 + (-22 - ((-17 - -15) + -8) - -14)?
-30
What is the value of (-38 - (17 - 21)) + 7 - 25?
-52
Calculate -51 + 60 + -41 + 93.
61
(0 - -95) + 3 + (6 - (-47 - -65))
86
What is (-57 - -38) + 71 + -97?
-45
36 + 58 - (236 - 230)
88
What is the value of 54 + (4 + 0 - -2 - (-16 + 13) - 10)?
53
Calculate -4 + 38 - (76 - (-31 + 15)).
-58
What is the value of -34 + (-2 - 7) + 26 - (-3 + 10 - 1)?
-23
What is (-3 - -5) + 0 + 11 + -8 - 7?
-2
Evaluate (2 - 17) + 2 + 4 + -16 + (-8 - -46).
13
What is the value of (1 - -3) + (0 + 16 - (339 - 321)) + -49?
-47
What is the value of -12 + (56 - (-7 + -14) - -1)?
66
(-1 - -3) + -3 - (-56 - -2 - -56)
-3
What is the value of -16 + -1 - (31 + -46 + 38)?
-40
What is 6 + -4 + -18 + 47 + 18?
49
What is -62 + (28 - 4) + 158 + -171?
-51
Evaluate -31 + -13 + (-21 - -54) - (-46 - -65).
-30
What is the value of -220 + 36 + -93 + 142?
-135
What is 54 + (4 + 15 + -22 - (-13 - 0)) + -1?
63
Evaluate -83 + 16 + 6 + (8 - (7 - 4)).
-56
1 + 109 + (18 + (18 - 19) + -18 - 4)
105
1 + -6 + (-3 - -28) - (-9 + 1)
28
What is -132 + (150 - (265 + -128))?
-119
What is 811 + -836 - (2 - 13)?
-14
Calculate -59 + 72 + -1 + 3 - (-10 - 6).
31
Evaluate -30 + 3 - (-8 - (21 - 15)) - (-1 + -10).
-2
0 + -1 - (5 + -6) - (-8 + -71)
79
What is the value of -2 - (92 - 5 - 54)?
-35
What is the value of 31 - -1 - (17 - ((19 - (-19 + 12)) + -12))?
29
Evaluate 105 + -16 - (-119 - -195).
13
Calculate (0 - (5 + 18)) + 52 + -70.
-41
Calculate -31 - (-61 - (-20 + 42)).
52
Evaluate (55 - 36 - -16) + (3 - (-2 + 3)).
37
What is the value of -16 + -29 + -7 - 12 - -11?
-53
What is 40 - (129 + -93 + 125)?
-121
-1 + 3 + 78 + (40 - (21 - 16 - -27))
88
Calculate 40 + -28 + 18 + -43 + 4 + -2.
-11
(58 - 82 - -92) + -77
-9
What is the value of (-9 - (9 + -80 - 8) - 0) + 12 + -14?
68
What is the value of -1 + -1 - ((7 - 19) + 14 + (-5 - -13))?
-12
Evaluate (0 + (-1 - -1) - -12) + -4902 + 4865.
-25
Calculate (-6 - 9) + (0 - (2 - 0)) - -4.
-13
Calculate -314 + 409 + (-6 - 142).
-53
What is the value of 173 + (73 - (112 - -39))?
95
Calculate -125 + 16 + 45 - -18.
-46
Calculate 66 - 38 - -29 - (-2 - (1 - (-2 + 1))).
61
What is -15 - -40 - 62 - (16 - 24)?
-29
Calculate -88 + 96 + -66 - 21.
-79
853 - 941 - (-9 - 45)
-34
What is the value of (23 - (22 + 45)) + 13 + -25?
-56
Evaluate -46 + (-3 + -11 + 28 - -2).
-30
What is -4 - ((-22 - (-9 - 12)) + -2 + -3 + 10)?
-8
Calculate (11 - (-8 + -3 + -18)) + (-25 - -19) + -11.
23
What is (71 - 80) + -4 + -86 + 7 - 19?
-111
Evaluate (37 - 9) + -5 + (3 - 10) + -15.
1
What is 5 + (10 - (0 + -5 + (25 - 7)))?
2
Calculate -17 + 2 - (-324 - -290) - 68.
-49
Calculate -14 + (-7 - 1 - (12 + (-14 + -1 - 14))).
-5
What is -9 + 41 + 17 - (1 - -18)?
30
What is the value of (44 - ((-5 - (-20 + 22)) + -6)) + 17?
74
Evaluate -37 + 18 + 25 + 1 + -17 + 54.
44
Calculate